{"id":716,"date":"2017-05-23T08:28:14","date_gmt":"2017-05-23T08:28:14","guid":{"rendered":"https:\/\/espanolcontacto.unirioja.es\/?page_id=716"},"modified":"2021-10-04T15:48:46","modified_gmt":"2021-10-04T15:48:46","slug":"equipo-situaciones-de-contacto","status":"publish","type":"page","link":"https:\/\/espanolcontacto.unirioja.es\/index.php\/equipo-situaciones-de-contacto\/","title":{"rendered":"Grupo de Investigaci\u00f3n"},"content":{"rendered":"\n<p><\/p>\n\n\n\n<div class=\"wp-block-image\"><figure class=\"aligncenter size-large\"><img fetchpriority=\"high\" decoding=\"async\" width=\"415\" height=\"154\" src=\"https:\/\/espanolcontacto.unirioja.es\/wp-content\/uploads\/2021\/02\/cropped-cropped-cropped-Logo-WEB.png\" alt=\"\" class=\"wp-image-3138\" srcset=\"https:\/\/espanolcontacto.unirioja.es\/wp-content\/uploads\/2021\/02\/cropped-cropped-cropped-Logo-WEB.png 415w, https:\/\/espanolcontacto.unirioja.es\/wp-content\/uploads\/2021\/02\/cropped-cropped-cropped-Logo-WEB-300x111.png 300w\" sizes=\"(max-width: 415px) 100vw, 415px\" \/><\/figure><\/div>\n\n\n\n<p><\/p>\n\n\n\n<p class=\"has-text-align-left\"><span style=\"color: #000000;\"><big><big>El Grupo\u00a0de investigaci\u00f3n de la UAM &#8220;Cambio ling\u00fc\u00edstico en situaciones de contacto&#8221; se ocupa de diversas <a href=\"https:\/\/espanolcontacto.unirioja.es\/index.php\/proyectos-anteriores\/\">l\u00edneas de investigaci\u00f3n<\/a> relacionadas con el <strong>cambio ling\u00fc\u00edstico<\/strong> en <strong>situaciones de contacto<\/strong>: <strong>espa\u00f1ol en contacto con otras lenguas<\/strong> (<strong>lenguas amerindias y euskera<\/strong>); <strong>variedades emergentes de espa\u00f1ol<\/strong> en <strong>situaciones de contacto<\/strong> como lengua segunda y como lengua primera.<\/big><\/big><\/span><\/p>\n\n\n\n<p>[FSL id=1536]<\/p>\n","protected":false},"excerpt":{"rendered":"<p>El Grupo\u00a0de investigaci\u00f3n de la UAM &#8220;Cambio ling\u00fc\u00edstico en situaciones de contacto&#8221; se ocupa de diversas l\u00edneas de investigaci\u00f3n relacionadas con el cambio ling\u00fc\u00edstico en situaciones de contacto: espa\u00f1ol en contacto con otras lenguas (lenguas amerindias y euskera); variedades emergentes de espa\u00f1ol en situaciones de contacto como lengua segunda y<\/p>\n","protected":false},"author":1,"featured_media":0,"parent":0,"menu_order":0,"comment_status":"closed","ping_status":"closed","template":"","meta":{"footnotes":""},"_links":{"self":[{"href":"https:\/\/espanolcontacto.unirioja.es\/index.php\/wp-json\/wp\/v2\/pages\/716"}],"collection":[{"href":"https:\/\/espanolcontacto.unirioja.es\/index.php\/wp-json\/wp\/v2\/pages"}],"about":[{"href":"https:\/\/espanolcontacto.unirioja.es\/index.php\/wp-json\/wp\/v2\/types\/page"}],"author":[{"embeddable":true,"href":"https:\/\/espanolcontacto.unirioja.es\/index.php\/wp-json\/wp\/v2\/users\/1"}],"replies":[{"embeddable":true,"href":"https:\/\/espanolcontacto.unirioja.es\/index.php\/wp-json\/wp\/v2\/comments?post=716"}],"version-history":[{"count":1,"href":"https:\/\/espanolcontacto.unirioja.es\/index.php\/wp-json\/wp\/v2\/pages\/716\/revisions"}],"predecessor-version":[{"id":4074,"href":"https:\/\/espanolcontacto.unirioja.es\/index.php\/wp-json\/wp\/v2\/pages\/716\/revisions\/4074"}],"wp:attachment":[{"href":"https:\/\/espanolcontacto.unirioja.es\/index.php\/wp-json\/wp\/v2\/media?parent=716"}],"curies":[{"name":"wp","href":"https:\/\/api.w.org\/{rel}","templated":true}]}}