{"id":3453,"date":"2021-03-24T14:06:48","date_gmt":"2021-03-24T13:06:48","guid":{"rendered":"https:\/\/espanolcontacto.unirioja.es\/?page_id=3453"},"modified":"2021-03-24T14:06:48","modified_gmt":"2021-03-24T13:06:48","slug":"publicaciones-de-patricia-vanessa-de-ramos","status":"publish","type":"page","link":"https:\/\/espanolcontacto.unirioja.es\/index.php\/publicaciones-de-patricia-vanessa-de-ramos\/","title":{"rendered":"Publicaciones de Patricia Vanessa de Ramos"},"content":{"rendered":"\n<p>De Ramos, P.V. (en prensa): &#8220;Metodolog\u00edas para la observaci\u00f3n de la variaci\u00f3n ling\u00fc\u00edstica: investigando el cuadro de estrategias de realizaci\u00f3n de objeto directo anaf\u00f3rico&#8221;. En: <em>Anales del III Congresso Internacional de Professores das L\u00ednguas Oficiais do MERCOSUL <\/em>y<em> III Encontro Internacional das Associa\u00e7\u00f5es de Professores das L\u00ednguas Oficiais do MERCOSUL (CIPLOM\/ EAPLOM)<\/em>.<\/p>\n\n\n\n<p>Ruiz, M. M. y P. V. de Ramos (2019): <a href=\"https:\/\/periodicos.ufsc.br\/index.php\/workingpapers\/article\/view\/1984-8420.2019v20n1p138\/40784\">&#8220;A entoa\u00e7\u00e3o das perguntas de estudantes de espanhol do Rio de Janeiro&#8221;<\/a>. En: <em>Working Papers em Lingu\u00edstica. Revista do Programa de P\u00f3s-Gradua\u00e7\u00e3o em Lingu\u00edstica<\/em>. Brasil: Universidade Federal de Santa Catarina.&nbsp;<\/p>\n\n\n\n<p>De Ramos, P.V. (2017): <a href=\"https:\/\/espanolcontacto.unirioja.es\/wp-content\/uploads\/2018\/07\/O-quadro-de-estrategias-de-realiza\u00e7\u00e3o-do-objeto-direto-anaf\u00f3rico-de-terceira-pessoa-no-espanhol-de-Obrer\u00e1-Misiones-Argentina-Resultados.pdf\">&#8220;O quadro de estrategias de realiza\u00e7\u00e3o do objeto direto anaf\u00f3rico de terceira pessoa no espanhol de Obrer\u00e1-Misiones (Argentina): Resultados&#8221;<\/a>. En: Andrade Junior, A. F.; de Bona et al. (Orgs.), <em>Anais do XVII Col\u00f3quio de P\u00f3s-Gradua\u00e7\u00e3o e Pesquisa em Letras Neolatinas<\/em> \/ <em>Col\u00f3quio do Programa de P\u00f3s-Gradua\u00e7\u00e3o em Letras Neolatinas da Universidade Federal do Rio de Janeiro.<\/em>&nbsp;Rio de Janeiro, 220-228.<\/p>\n\n\n\n<p>De Ramos, P. V. (2017):&nbsp;<em><a href=\"https:\/\/espanolcontacto.unirioja.es\/wp-content\/uploads\/2017\/02\/ESTRAT\u00c9GIAS-DE-REALIZA\u00c7\u00c3O-DO-OBJETO-DIRETO-ANAF\u00d3RICO-DE.pdf\">Estrat\u00e9gias de realiza\u00e7\u00e3o do objeto direto anaf\u00f3rico de terceira pessoa no espanhol de Obrer\u00e1-Misiones (Argentina): Um estudo sociolingu\u00edstico<\/a><\/em>. Disserta\u00e7\u00e3o de Mestrado em Letras Neolatinas (L\u00edngua espanhola). Rio de Janeiro: Faculdade de Letras \/ Universidade Federal do Rio de Janeiro.<\/p>\n\n\n\n<p>De Ramos, P.V. (2016): <a href=\"https:\/\/espanolcontacto.unirioja.es\/wp-content\/uploads\/2017\/02\/AS-ESTRAT\u00c9GIAS-DE-REALIZA\u00c7\u00c3O.pdf\">&#8220;As estrat\u00e9gias de realiza\u00e7\u00e3o do objeto direto anaf\u00f3rico de 3\u00aa pessoa no espanhol de Obrer\u00e1: Alguns resultados iniciais&#8221;<\/a>. En: Andrade J., A. F; de Bona, F.; Dalla et al. (Orgs.), <em>Anais do XVI Col\u00f3quio de P\u00f3s-Gradua\u00e7\u00e3o e Pesquisa em Letras Neolatinas<\/em> \/ <em>Col\u00f3quio do Programa de P\u00f3s-Gradua\u00e7\u00e3o em Letras Neolatinas da Universidade Federal do Rio de Janeiro.&nbsp;Rio de Janeiro, <\/em>164-171.<\/p>\n","protected":false},"excerpt":{"rendered":"<p>De Ramos, P.V. (en prensa): &#8220;Metodolog\u00edas para la observaci\u00f3n de la variaci\u00f3n ling\u00fc\u00edstica: investigando el cuadro de estrategias de realizaci\u00f3n de objeto directo anaf\u00f3rico&#8221;. En: Anales del III Congresso Internacional de Professores das L\u00ednguas Oficiais do MERCOSUL y III Encontro Internacional das Associa\u00e7\u00f5es de Professores das L\u00ednguas Oficiais do MERCOSUL<\/p>\n","protected":false},"author":1,"featured_media":0,"parent":0,"menu_order":0,"comment_status":"closed","ping_status":"closed","template":"","meta":{"footnotes":""},"_links":{"self":[{"href":"https:\/\/espanolcontacto.unirioja.es\/index.php\/wp-json\/wp\/v2\/pages\/3453"}],"collection":[{"href":"https:\/\/espanolcontacto.unirioja.es\/index.php\/wp-json\/wp\/v2\/pages"}],"about":[{"href":"https:\/\/espanolcontacto.unirioja.es\/index.php\/wp-json\/wp\/v2\/types\/page"}],"author":[{"embeddable":true,"href":"https:\/\/espanolcontacto.unirioja.es\/index.php\/wp-json\/wp\/v2\/users\/1"}],"replies":[{"embeddable":true,"href":"https:\/\/espanolcontacto.unirioja.es\/index.php\/wp-json\/wp\/v2\/comments?post=3453"}],"version-history":[{"count":0,"href":"https:\/\/espanolcontacto.unirioja.es\/index.php\/wp-json\/wp\/v2\/pages\/3453\/revisions"}],"wp:attachment":[{"href":"https:\/\/espanolcontacto.unirioja.es\/index.php\/wp-json\/wp\/v2\/media?parent=3453"}],"curies":[{"name":"wp","href":"https:\/\/api.w.org\/{rel}","templated":true}]}}