{"id":3153,"date":"2021-04-26T11:00:00","date_gmt":"2021-04-26T09:00:00","guid":{"rendered":"https:\/\/espanolcontacto.unirioja.es\/?page_id=3153"},"modified":"2026-04-20T11:23:52","modified_gmt":"2026-04-20T09:23:52","slug":"blog","status":"publish","type":"page","link":"https:\/\/espanolcontacto.unirioja.es\/index.php\/blog\/","title":{"rendered":"Blog"},"content":{"rendered":"\n<h1 class=\"wp-block-heading\"><a href=\"https:\/\/espanolcontacto.unirioja.es\/index.php\/2022\/01\/10\/la-revitalizacion-linguistica-un-concepto-escurridizo-y-en-construccion-nueva-entrada-de-blog-de-carlos-sanchez-avendano\/\">\u00abLa revitalizaci\u00f3n ling\u00fc\u00edstica: un concepto escurridizo y en construcci\u00f3n\u00bb, nueva entrada de blog de Carlos S\u00e1nchez Avenda\u00f1o<\/a><\/h1>\n\n\n\n<figure class=\"wp-block-image size-large\"><img fetchpriority=\"high\" decoding=\"async\" width=\"1024\" height=\"448\" src=\"https:\/\/espanolcontacto.unirioja.es\/wp-content\/uploads\/2022\/01\/entradablog-carlossanchezavendano-1024x448.png\" alt=\"\" class=\"wp-image-4262\" srcset=\"https:\/\/espanolcontacto.unirioja.es\/wp-content\/uploads\/2022\/01\/entradablog-carlossanchezavendano-1024x448.png 1024w, https:\/\/espanolcontacto.unirioja.es\/wp-content\/uploads\/2022\/01\/entradablog-carlossanchezavendano-300x131.png 300w, https:\/\/espanolcontacto.unirioja.es\/wp-content\/uploads\/2022\/01\/entradablog-carlossanchezavendano-768x336.png 768w, https:\/\/espanolcontacto.unirioja.es\/wp-content\/uploads\/2022\/01\/entradablog-carlossanchezavendano.png 1138w\" sizes=\"(max-width: 1024px) 100vw, 1024px\" \/><\/figure>\n\n\n\n<hr class=\"wp-block-separator has-css-opacity is-style-wide\"\/>\n\n\n\n<h1 class=\"wp-block-heading\"><a href=\"https:\/\/espanolcontacto.unirioja.es\/index.php\/2021\/11\/29\/que-se-puede-prestar-en-situaciones-de-contacto-linguistico-nueva-entrada-de-blog-escrita-por-rosnataly-avelino-sierra\/\">&#8220;\u00bfQu\u00e9 se puede prestar en situaciones de contacto ling\u00fc\u00edstico?&#8221;, nueva entrada de blog escrita por Rosn\u00e1taly Avelino Sierra<\/a><\/h1>\n\n\n\n<figure class=\"wp-block-image size-large\"><img decoding=\"async\" width=\"1024\" height=\"448\" src=\"https:\/\/espanolcontacto.unirioja.es\/wp-content\/uploads\/2021\/11\/refedimensiones.JPG-22-1024x448.png\" alt=\"\" class=\"wp-image-4197\" srcset=\"https:\/\/espanolcontacto.unirioja.es\/wp-content\/uploads\/2021\/11\/refedimensiones.JPG-22-1024x448.png 1024w, https:\/\/espanolcontacto.unirioja.es\/wp-content\/uploads\/2021\/11\/refedimensiones.JPG-22-300x131.png 300w, https:\/\/espanolcontacto.unirioja.es\/wp-content\/uploads\/2021\/11\/refedimensiones.JPG-22-768x336.png 768w, https:\/\/espanolcontacto.unirioja.es\/wp-content\/uploads\/2021\/11\/refedimensiones.JPG-22.png 1138w\" sizes=\"(max-width: 1024px) 100vw, 1024px\" \/><\/figure>\n\n\n\n<hr class=\"wp-block-separator has-css-opacity is-style-wide\"\/>\n\n\n\n<h1 class=\"wp-block-heading\"><a href=\"https:\/\/espanolcontacto.unirioja.es\/index.php\/2021\/10\/25\/la-alternancia-de-lenguas-en-la-conversacion-bilingue-cambios-y-mezclas-de-codigos-consulta-la-nueva-entrada-de-blog-escrita-por-tatiana-ribeiro-do-amaral\/\">\u00abLa alternancia de lenguas en la conversaci\u00f3n biling\u00fce: cambios y mezclas de c\u00f3digos\u00bb, consulta la nueva entrada de blog escrita por Tatiana Ribeiro do Amaral<\/a><\/h1>\n\n\n\n<figure class=\"wp-block-image size-large\"><img decoding=\"async\" width=\"1024\" height=\"448\" src=\"https:\/\/espanolcontacto.unirioja.es\/wp-content\/uploads\/2021\/10\/refedimensiones.JPG-18-1024x448.png\" alt=\"\" class=\"wp-image-4158\" srcset=\"https:\/\/espanolcontacto.unirioja.es\/wp-content\/uploads\/2021\/10\/refedimensiones.JPG-18-1024x448.png 1024w, https:\/\/espanolcontacto.unirioja.es\/wp-content\/uploads\/2021\/10\/refedimensiones.JPG-18-300x131.png 300w, https:\/\/espanolcontacto.unirioja.es\/wp-content\/uploads\/2021\/10\/refedimensiones.JPG-18-768x336.png 768w, https:\/\/espanolcontacto.unirioja.es\/wp-content\/uploads\/2021\/10\/refedimensiones.JPG-18.png 1138w\" sizes=\"(max-width: 1024px) 100vw, 1024px\" \/><\/figure>\n\n\n\n<hr class=\"wp-block-separator has-css-opacity is-style-wide\"\/>\n\n\n\n<h1 class=\"wp-block-heading\"><a href=\"https:\/\/espanolcontacto.unirioja.es\/index.php\/2021\/10\/04\/que-es-la-convergencia-linguistica-nueva-entrada-de-blog-escrita-por-azucena-palacios\/\">\u00ab \u00bfQu\u00e9 es la convergencia ling\u00fc\u00edstica?\u00bb, nueva entrada de blog escrita por Azucena Palacios<\/a><\/h1>\n\n\n\n<figure class=\"wp-block-image size-large\"><img loading=\"lazy\" decoding=\"async\" width=\"1024\" height=\"448\" src=\"https:\/\/espanolcontacto.unirioja.es\/wp-content\/uploads\/2021\/10\/refedimensiones.JPG-17-1024x448.png\" alt=\"\" class=\"wp-image-4089\" srcset=\"https:\/\/espanolcontacto.unirioja.es\/wp-content\/uploads\/2021\/10\/refedimensiones.JPG-17-1024x448.png 1024w, https:\/\/espanolcontacto.unirioja.es\/wp-content\/uploads\/2021\/10\/refedimensiones.JPG-17-300x131.png 300w, https:\/\/espanolcontacto.unirioja.es\/wp-content\/uploads\/2021\/10\/refedimensiones.JPG-17-768x336.png 768w, https:\/\/espanolcontacto.unirioja.es\/wp-content\/uploads\/2021\/10\/refedimensiones.JPG-17.png 1138w\" sizes=\"(max-width: 1024px) 100vw, 1024px\" \/><\/figure>\n\n\n\n<hr class=\"wp-block-separator has-css-opacity is-style-wide\"\/>\n\n\n\n<h1 class=\"wp-block-heading\"><a href=\"https:\/\/espanolcontacto.unirioja.es\/index.php\/2021\/08\/02\/prestamo-interferencia-y-transferencia-conceptos-del-contacto-linguistico\/\">&#8220;Pr\u00e9stamo, interferencia y transferencia: conceptos del contacto ling\u00fc\u00edstico&#8221;, nueva entrada de blog de Mar\u00eda S\u00e1nchez Para\u00edso<\/a><\/h1>\n\n\n\n<figure class=\"wp-block-gallery has-nested-images columns-default is-cropped wp-block-gallery-1 is-layout-flex wp-block-gallery-is-layout-flex\">\n<figure class=\"wp-block-image size-large\"><img loading=\"lazy\" decoding=\"async\" width=\"940\" height=\"376\" data-id=\"3934\" src=\"https:\/\/espanolcontacto.unirioja.es\/wp-content\/uploads\/2021\/08\/blog.png\" alt=\"\" class=\"wp-image-3934\" srcset=\"https:\/\/espanolcontacto.unirioja.es\/wp-content\/uploads\/2021\/08\/blog.png 940w, https:\/\/espanolcontacto.unirioja.es\/wp-content\/uploads\/2021\/08\/blog-300x120.png 300w, https:\/\/espanolcontacto.unirioja.es\/wp-content\/uploads\/2021\/08\/blog-768x307.png 768w\" sizes=\"(max-width: 940px) 100vw, 940px\" \/><\/figure>\n<\/figure>\n\n\n\n<hr class=\"wp-block-separator has-css-opacity is-style-wide\"\/>\n\n\n\n<h1 class=\"wp-block-heading\"><a href=\"https:\/\/espanolcontacto.unirioja.es\/index.php\/2021\/06\/14\/y-entonces-que-significa-ser-hablante-nativo-nueva-entrada-de-blog-escrita-por-anna-babel-y-devin-grammon\/\">\u00abY, entonces, \u00bfqu\u00e9 significa ser \u201chablante nativo\u201d?\u00bb, nueva entrada de blog escrita por Anna Babel y Devin Grammon<\/a><\/h1>\n\n\n\n<figure class=\"wp-block-image size-large\"><img loading=\"lazy\" decoding=\"async\" width=\"938\" height=\"375\" src=\"https:\/\/espanolcontacto.unirioja.es\/wp-content\/uploads\/2021\/06\/blog-hablante-nativo.jpg\" alt=\"\" class=\"wp-image-3812\" srcset=\"https:\/\/espanolcontacto.unirioja.es\/wp-content\/uploads\/2021\/06\/blog-hablante-nativo.jpg 938w, https:\/\/espanolcontacto.unirioja.es\/wp-content\/uploads\/2021\/06\/blog-hablante-nativo-300x120.jpg 300w, https:\/\/espanolcontacto.unirioja.es\/wp-content\/uploads\/2021\/06\/blog-hablante-nativo-768x307.jpg 768w, https:\/\/espanolcontacto.unirioja.es\/wp-content\/uploads\/2021\/06\/blog-hablante-nativo-150x59.jpg 150w\" sizes=\"(max-width: 938px) 100vw, 938px\" \/><\/figure>\n\n\n\n<hr class=\"wp-block-separator has-css-opacity is-style-wide\"\/>\n\n\n\n<h1 class=\"wp-block-heading\"><a href=\"https:\/\/espanolcontacto.unirioja.es\/index.php\/2021\/05\/10\/el-bilinguismo-desde-la-perspectiva-social-nueva-entrada-de-blog-escrita-por-sara-gomez-seibane-parte-2\/\">\u00abEl biling\u00fcismo desde la perspectiva social\u00bb, nueva entrada de blog escrita por Sara G\u00f3mez Seibane (Parte 2)<\/a><\/h1>\n\n\n\n<figure class=\"wp-block-image size-large\"><img loading=\"lazy\" decoding=\"async\" width=\"1024\" height=\"448\" src=\"https:\/\/espanolcontacto.unirioja.es\/wp-content\/uploads\/2021\/05\/refedimensiones.JPG-7-1-1024x448.png\" alt=\"\" class=\"wp-image-3778\" srcset=\"https:\/\/espanolcontacto.unirioja.es\/wp-content\/uploads\/2021\/05\/refedimensiones.JPG-7-1-1024x448.png 1024w, https:\/\/espanolcontacto.unirioja.es\/wp-content\/uploads\/2021\/05\/refedimensiones.JPG-7-1-300x131.png 300w, https:\/\/espanolcontacto.unirioja.es\/wp-content\/uploads\/2021\/05\/refedimensiones.JPG-7-1-768x336.png 768w, https:\/\/espanolcontacto.unirioja.es\/wp-content\/uploads\/2021\/05\/refedimensiones.JPG-7-1.png 1138w\" sizes=\"(max-width: 1024px) 100vw, 1024px\" \/><\/figure>\n\n\n\n<hr class=\"wp-block-separator has-css-opacity is-style-wide\"\/>\n\n\n\n<h1 class=\"wp-block-heading\"><a href=\"https:\/\/espanolcontacto.unirioja.es\/?p=3723\">\u00ab<\/a><a href=\"https:\/\/espanolcontacto.unirioja.es\/index.php\/2021\/04\/26\/el-bilinguismo-desde-la-perspectiva-del-hablante\/\">El biling\u00fcismo desde la perspectiva del hablante\u00bb, nueva entrada de blog escrita por Sara G\u00f3mez Seibane (Parte 1)<\/a><\/h1>\n\n\n\n<figure class=\"wp-block-image size-large\"><img loading=\"lazy\" decoding=\"async\" width=\"1024\" height=\"448\" src=\"https:\/\/espanolcontacto.unirioja.es\/wp-content\/uploads\/2021\/04\/refedimensiones.JPG-8-1024x448.png\" alt=\"\" class=\"wp-image-3781\" srcset=\"https:\/\/espanolcontacto.unirioja.es\/wp-content\/uploads\/2021\/04\/refedimensiones.JPG-8-1024x448.png 1024w, https:\/\/espanolcontacto.unirioja.es\/wp-content\/uploads\/2021\/04\/refedimensiones.JPG-8-300x131.png 300w, https:\/\/espanolcontacto.unirioja.es\/wp-content\/uploads\/2021\/04\/refedimensiones.JPG-8-768x336.png 768w, https:\/\/espanolcontacto.unirioja.es\/wp-content\/uploads\/2021\/04\/refedimensiones.JPG-8.png 1138w\" sizes=\"(max-width: 1024px) 100vw, 1024px\" \/><\/figure>\n\n\n\n<hr class=\"wp-block-separator has-css-opacity is-style-wide\"\/>\n\n\n\n<h1 class=\"wp-block-heading\"><a href=\"https:\/\/espanolcontacto.unirioja.es\/index.php\/2021\/04\/09\/espanol-en-contacto-con-otras-lenguas\/\">&#8220;Espa\u00f1ol en contacto con otras lenguas&#8221;, nueva entrada de blog escrita por Azucena Palacios<\/a><\/h1>\n\n\n\n<figure class=\"wp-block-image size-large\"><img loading=\"lazy\" decoding=\"async\" width=\"1024\" height=\"448\" src=\"https:\/\/espanolcontacto.unirioja.es\/wp-content\/uploads\/2021\/04\/refedimensiones.JPG-1-1024x448.png\" alt=\"\" class=\"wp-image-3571\" srcset=\"https:\/\/espanolcontacto.unirioja.es\/wp-content\/uploads\/2021\/04\/refedimensiones.JPG-1-1024x448.png 1024w, https:\/\/espanolcontacto.unirioja.es\/wp-content\/uploads\/2021\/04\/refedimensiones.JPG-1-300x131.png 300w, https:\/\/espanolcontacto.unirioja.es\/wp-content\/uploads\/2021\/04\/refedimensiones.JPG-1-768x336.png 768w, https:\/\/espanolcontacto.unirioja.es\/wp-content\/uploads\/2021\/04\/refedimensiones.JPG-1.png 1138w\" sizes=\"(max-width: 1024px) 100vw, 1024px\" \/><\/figure>\n\n\n\n<h2 class=\"wp-block-heading\"><\/h2>\n\n\n\n<hr class=\"wp-block-separator has-css-opacity is-style-wide\"\/>\n","protected":false},"excerpt":{"rendered":"<p>\u00abLa revitalizaci\u00f3n ling\u00fc\u00edstica: un concepto escurridizo y en construcci\u00f3n\u00bb, nueva entrada de blog de Carlos S\u00e1nchez Avenda\u00f1o &#8220;\u00bfQu\u00e9 se puede prestar en situaciones de contacto ling\u00fc\u00edstico?&#8221;, nueva entrada de blog escrita por Rosn\u00e1taly Avelino Sierra \u00abLa alternancia de lenguas en la conversaci\u00f3n biling\u00fce: cambios y mezclas de c\u00f3digos\u00bb, consulta la<\/p>\n","protected":false},"author":1,"featured_media":0,"parent":0,"menu_order":0,"comment_status":"closed","ping_status":"closed","template":"","meta":{"footnotes":""},"_links":{"self":[{"href":"https:\/\/espanolcontacto.unirioja.es\/index.php\/wp-json\/wp\/v2\/pages\/3153"}],"collection":[{"href":"https:\/\/espanolcontacto.unirioja.es\/index.php\/wp-json\/wp\/v2\/pages"}],"about":[{"href":"https:\/\/espanolcontacto.unirioja.es\/index.php\/wp-json\/wp\/v2\/types\/page"}],"author":[{"embeddable":true,"href":"https:\/\/espanolcontacto.unirioja.es\/index.php\/wp-json\/wp\/v2\/users\/1"}],"replies":[{"embeddable":true,"href":"https:\/\/espanolcontacto.unirioja.es\/index.php\/wp-json\/wp\/v2\/comments?post=3153"}],"version-history":[{"count":8,"href":"https:\/\/espanolcontacto.unirioja.es\/index.php\/wp-json\/wp\/v2\/pages\/3153\/revisions"}],"predecessor-version":[{"id":6130,"href":"https:\/\/espanolcontacto.unirioja.es\/index.php\/wp-json\/wp\/v2\/pages\/3153\/revisions\/6130"}],"wp:attachment":[{"href":"https:\/\/espanolcontacto.unirioja.es\/index.php\/wp-json\/wp\/v2\/media?parent=3153"}],"curies":[{"name":"wp","href":"https:\/\/api.w.org\/{rel}","templated":true}]}}