{"id":1086,"date":"2017-11-15T12:22:24","date_gmt":"2017-11-15T12:22:24","guid":{"rendered":"https:\/\/espanolcontacto.unirioja.es\/?page_id=1086"},"modified":"2017-11-15T12:22:24","modified_gmt":"2017-11-15T12:22:24","slug":"angelita-martinez","status":"publish","type":"page","link":"https:\/\/espanolcontacto.unirioja.es\/index.php\/situaciones-de-contacto-publicaciones\/angelita-martinez\/","title":{"rendered":"Angelita Mart\u00ednez"},"content":{"rendered":"<h1>ANGELITA MART\u00cdNEZ<\/h1>\n<ul>\n<li style=\"list-style-type: none;\">\n<ul>\n<li><span style=\"color: #000000;\"><strong>Universidad:<\/strong>\u00a0<a style=\"color: #000000;\" href=\"https:\/\/unlp.edu.ar\/\">Universidad Nacional de La Plata<\/a><\/span><\/li>\n<li><span style=\"color: #000000;\"><strong>Pa\u00eds:<\/strong>\u00a0Argentina<\/span><\/li>\n<li><span style=\"color: #000000;\"><strong>Email:<\/strong><\/span><\/li>\n<li><span style=\"color: #000000;\"><strong>\u00c1rea geogr\u00e1fica de inter\u00e9s:<\/strong> Argenitna<\/span><\/li>\n<\/ul>\n<\/li>\n<\/ul>\n<h1 style=\"text-align: left;\">CURR\u00cdCULUM ACAD\u00c9MICO DE ANGELITA MART\u00cdNEZ<\/h1>\n<p style=\"text-align: justify;\"><span style=\"color: #000000;\">Doctora en Letras por la Universidad de Leiden (Pa\u00edses Bajos), directora del Centro de Estudios e Investigaciones Ling\u00fc\u00edsticas (CEIL) y coordinadora de la Maestr\u00eda en Ling\u00fc\u00edstica de la Universidad Nacional de La Plata. Es catedr\u00e1tica de Ling\u00fc\u00edstica en la misma universidad y responsable de la Delegaci\u00f3n Regional de la Asociaci\u00f3n de Ling\u00fc\u00edstica y Filolog\u00eda para la Am\u00e9rica Latina (ALFAL) y de la subsede La Plata de la C\u00e1tedra Unesco, para el mejoramiento y equidad de la Lectura y la Escritura.<\/span><\/p>\n","protected":false},"excerpt":{"rendered":"<p>ANGELITA MART\u00cdNEZ Universidad:\u00a0Universidad Nacional de La Plata Pa\u00eds:\u00a0Argentina Email: \u00c1rea geogr\u00e1fica de inter\u00e9s: Argenitna CURR\u00cdCULUM ACAD\u00c9MICO DE ANGELITA MART\u00cdNEZ Doctora en Letras por la Universidad de Leiden (Pa\u00edses Bajos), directora del Centro de Estudios e Investigaciones Ling\u00fc\u00edsticas (CEIL) y coordinadora de la Maestr\u00eda en Ling\u00fc\u00edstica de la Universidad Nacional de<\/p>\n","protected":false},"author":1,"featured_media":0,"parent":50,"menu_order":0,"comment_status":"closed","ping_status":"closed","template":"","meta":{"footnotes":""},"_links":{"self":[{"href":"https:\/\/espanolcontacto.unirioja.es\/index.php\/wp-json\/wp\/v2\/pages\/1086"}],"collection":[{"href":"https:\/\/espanolcontacto.unirioja.es\/index.php\/wp-json\/wp\/v2\/pages"}],"about":[{"href":"https:\/\/espanolcontacto.unirioja.es\/index.php\/wp-json\/wp\/v2\/types\/page"}],"author":[{"embeddable":true,"href":"https:\/\/espanolcontacto.unirioja.es\/index.php\/wp-json\/wp\/v2\/users\/1"}],"replies":[{"embeddable":true,"href":"https:\/\/espanolcontacto.unirioja.es\/index.php\/wp-json\/wp\/v2\/comments?post=1086"}],"version-history":[{"count":0,"href":"https:\/\/espanolcontacto.unirioja.es\/index.php\/wp-json\/wp\/v2\/pages\/1086\/revisions"}],"up":[{"embeddable":true,"href":"https:\/\/espanolcontacto.unirioja.es\/index.php\/wp-json\/wp\/v2\/pages\/50"}],"wp:attachment":[{"href":"https:\/\/espanolcontacto.unirioja.es\/index.php\/wp-json\/wp\/v2\/media?parent=1086"}],"curies":[{"name":"wp","href":"https:\/\/api.w.org\/{rel}","templated":true}]}}